 8) to base 13.
-316b
9484 (base 12) to base 11
11213
What is 484 (base 12) in base 8?
1244
-1232 (base 4) to base 16
-6e
What is -252 (base 11) in base 8?
-453
What is -54153 (base 6) in base 8?
-16365
What is -1fc9 (base 16) in base 6?
-101401
-3420 (base 6) to base 16
-324
4a0 (base 15) to base 10
1050
414 (base 6) to base 8
232
What is 125040 (base 9) in base 10?
75852
What is 29a (base 15) in base 2?
1001010011
-c4d4 (base 14) to base 16
-846a
Convert 840 (base 12) to base 10.
1200
316d (base 14) to base 11
6450
What is 2312 (base 5) in base 14?
19a
Convert 22282 (base 11) to base 12.
16818
-15 (base 6) to base 9
-12
10000011011 (base 2) to base 11
876
Convert 2036 (base 11) to base 12.
1691
b1e4 (base 16) to base 14
1284c
What is -3b7 (base 14) in base 11?
-621
-1b3b (base 15) to base 3
-22002202
What is -13304 (base 6) in base 10?
-2056
Convert -bb3 (base 14) to base 11.
-1813
Convert -1f5 (base 16) to base 13.
-2c7
What is -162506 (base 7) in base 3?
-1122002202
What is 10114 (base 7) in base 13?
1174
What is -279 (base 15) in base 2?
-1000110100
-22101101 (base 3) to base 2
-1011111100000
-3684 (base 9) to base 3
-10202211
What is 12978 (base 10) in base 16?
32b2
What is -1212 (base 8) in base 5?
-10100
Convert 18a2c (base 13) to base 8.
135371
-110101002 (base 3) to base 6
-105432
What is 2b9 (base 12) in base 5?
3204
What is 233 (base 13) in base 15?
1a5
Convert -83ab (base 13) to base 8.
-43460
What is -12012211 (base 3) in base 16?
-eda
-20210221 (base 3) to base 13
-2350
What is 6325 (base 11) in base 14?
30a4
Convert -101011110 (base 2) to base 13.
-20c
What is 134 (base 13) in base 8?
324
What is 101001110101 (base 2) in base 5?
41202
What is 3773 (base 12) in base 10?
6279
Convert -11286 (base 11) to base 7.
-65355
855 (base 13) to base 6
10330
-7386 (base 14) to base 10
-19914
-3430 (base 8) to base 12
-1074
What is -c75 (base 13) in base 15?
-969
What is -131d (base 16) in base 13?
-22c5
What is -12335 (base 6) in base 7?
-5264
Convert 1768 (base 12) to base 5.
42231
What is -322132 (base 5) in base 16?
-2aa5
Convert 22023 (base 5) to base 10.
1513
Convert 2580 (base 10) to base 5.
40310
What is 59279 (base 10) in base 14?
17863
What is -1322 (base 13) in base 15?
-c22
What is 41a (base 12) in base 6?
2434
57b1 (base 14) to base 11
10501
-525 (base 11) to base 12
-448
-511 (base 13) to base 3
-1011211
Convert -1ca (base 15) to base 14.
-219
Convert 35d (base 14) to base 8.
1237
What is ab (base 16) in base 9?
210
-54016 (base 8) to base 11
-15a33
Convert 111111001011100 (base 2) to base 16.
7e5c
What is 21433 (base 5) in base 14?
789
89bc (base 13) to base 5
1104002
Convert -10020210 (base 3) to base 7.
-6624
What is -27133 (base 8) in base 12?
-6a4b
1001010111 (base 2) to base 16
257
What is 56a (base 13) in base 2?
1110100101
Convert -24d (base 15) to base 5.
-4043
Convert -167 (base 10) to base 4.
-2213
Convert 12340 (base 8) to base 10.
5344
What is 21100 (base 4) in base 12?
414
Convert 120022 (base 3) to base 6.
1525
1340434 (base 5) to base 9
41787
Convert 299 (base 15) to base 2.
1001010010
Convert -1001100012 (base 3) to base 2.
-101000010110100
12201210 (base 3) to base 12
2503
Convert -3801 (base 10) to base 16.
-ed9
Convert 37d0 (base 14) to base 16.
263a
What is -32715 (base 11) in base 2?
-1011100101011000
What is 1001020 (base 3) in base 10?
762
What is 7bb8 (base 14) in base 7?
116521
Convert -1221 (base 8) to base 3.
-220100
Convert -57b3 (base 12) to base 7.
-40344
-10101001 (base 2) to base 13
-100
What is -6cc (base 16) in base 8?
-3314
What is -3250 (base 7) in base 10?
-1162
Convert 5013 (base 10) to base 3.
20212200
What is 20434 (base 5) in base 8?
2531
-8155 (base 14) to base 6
-250515
-1891 (base 10) to base 12
-1117
What is -11121100 (base 3) in base 8?
-6435
What is -7807 (base 10) in base 7?
-31522
Convert -1b4b (base 13) to base 4.
-1000113
20484 (base 13) to base 4
32020302
-103033223 (base 4) to base 8
-231753
26 (base 14) to base 5
114
Convert -3223 (base 8) to base 12.
-b83
Convert -2d (base 14) to base 15.
-2b
What is -1656a (base 11) in base 16?
-5b0c
-677 (base 8) to base 7
-1206
Convert -11412 (base 6) to base 11.
-1283
What is -1438 (base 12) in base 9?
-3188
Convert 2101212220 (base 3) to base 7.
254622
-22122110 (base 3) to base 10
-6303
-17b57 (base 12) to base 4
-20122303
Convert 20003332 (base 4) to base 16.
80fe
Convert -221222011 (base 3) to base 11.
-13250
Convert 526 (base 10) to base 16.
20e
-20100 (base 5) to base 12
-8a3
-1323 (base 8) to base 15
-333
100101111001 (base 2) to base 13
1147
153545 (base 7) to base 13
1092b
21 (base 8) to base 12
15
Convert 10480 (base 11) to base 9.
22773
What is -754 (base 8) in base 3?
-200020
Convert 1606 (base 11) to base 13.
c29
-553 (base 7) to base 8
-433
Convert 7a5 (base 15) to base 3.
2101002
What is 7c9 (base 14) in base 15?
6d4
-15337 (base 9) to base 14
-3b6b
Convert -26cc (base 13) to base 12.
-3288
Convert -21004 (base 5) to base 13.
-821
-4014 (base 5) to base 12
-365
-16664 (base 12) to base 15
-9764
Convert -4716 (base 8) to base 6.
-15342
-1027 (base 11) to base 16
-550
What is 16612 (base 7) in base 10?
4762
Convert -a52 (base 15) to base 7.
-6533
1c9 (base 13) to base 6
1314
Convert 55781 (base 10) to base 4.
31213211
Convert -201010001 (base 3) to base 12.
-8091
Convert 16443 (base 7) to base 15.
15c6
-11010100011011 (base 2) to base 11
-a23a
Convert 3132133 (base 4) to base 11.
a775
421 (base 10) to base 16
1a5
What is -11210112 (base 3) in base 10?
-3497
-30104 (base 5) to base 7
-5360
Convert -478 (base 9) to base 13.
-245
Convert 12101220 (base 3) to base 4.
331203
What is -223011 (base 5) in base 12?
-4689
Convert 3144 (base 5) to base 6.
1544
10000010111 (base 2) to base 5
13142
Convert 212411 (base 5) to base 12.
4227
Convert 289 (base 15) to base 2.
1001000011
-34332 (base 9) to base 12
-1129b
32a (base 13) to base 15
263
-bbb (base 15) to base 4
-221123
Convert -100100 (base 2) to base 5.
-121
-103020 (base 4) to base 7
-3366
-30646 (base 8) to base 13
-5a29
What is -2413 (base 5) in base 15?
-18d
What is -b50c (base 13) in base 7?
-132646
What is -4d09 (base 14) in base 12?
-79b9
-39 (base 13) to base 7
-66
Convert 562 (base 13) to base 15.
41a
What is -6341 (base 7) in base 6?
-14202
What is 1002121 (base 3) in base 14?
411
What is -39b (base 13) in base 16?
-27b
Convert 1dc (base 16) to base 2.
111011100
-320d (base 16) to base 11
-9699
Convert a082 (base 12) to base 3.
212211122
Convert 7ab (base 14) to base 6.
11015
What is 20fe (base 16) in base 2?
10000011111110
Convert -317 (base 11) to base 3.
-112010
What is 3130 (base 4) in base 15?
ea
Convert 1221233 (base 4) to base 11.
50a2
355 (base 7) to base 6
511
What is -31a (base 11) in base 14?
-1d6
What is -b04 (base 13) in base 15?
-843
Convert 1a36 (base 15) to base 16.
162c
5127 (base 8) to base 5
41042
What is 121 (base 15) in base 9?
314
-179 (base 10) to base 13
-10a
1000000101110 (base 2) to base 16
102e
103304 (base 5) to base 10
3579
Convert 103123322 (base 4) to base 2.
10011011011111010
Convert -246 (base 12) to base 6.
-1330
Convert -113115 (base 7) to base 8.
-47512
What is -22140 (base 7) in base 13?
-26c1
What is -513 (base 14) in base 15?
-467
832 (base 11) to base 6
4351
What is 54141 (base 7) in base 8?
32217
Convert -1330 (base 9) to base 13.
-5bb
What is -26b (base 14) in base 12?
-347
5335 (base 8) to base 7
11052
Convert 1000011011111111 (base 2) to base 11.
23a68
Convert -1100100 (base 3) to base 2.
-1111010101
What is 2033230 (base 4) in base 6?
110324
17183 (base 9) to base 13
54c3
Convert 10101110 (base 2) to base 13.
105
Convert 1224 (base 15) to base 9.
5257
What is 2034 (base 5) in base 6?
1125
Convert -722b (base 14) to base 6.
-230531
-2a0 (base 14) to base 12
-384
Convert 3516 (base 8) to base 2.
11101001110
What is 1712 (base 10) in base 13?
a19
Convert -44652 (base 7) to base 10.
-11307
Convert 233413 (base 5) to base 16.
21a0
11220100 (base 3) to base 10
3573
Convert 1a3 (base 12) to base 13.
177
Convert 307 (base 13) to base 7.
1333
1244 (base 15) to base 2
111100110001
Convert 8d7 (base 16) to base 4.
203113
What is -580 (base 10) in base 11?
-488
Convert -1002111020 (base 3) to base 10.
-21498
Convert -2001 (base 4)